pose s = -g*s + 388. Is s composite?
False
Let k = -7 + 27. Suppose 4*q - k = 5*u, -2*q + 15 = -u + q. Suppose u = -5*l - 0 + 10. Is l a prime number?
True
Suppose 4*l - 5*a - 912 = 160, -5*a - 546 = -2*l. Is l a prime number?
True
Let a = -3 + 5. Suppose 443 - 21 = a*j. Is j a composite number?
False
Suppose 0*c = c - 4, 4*o - 4*c - 996 = 0. Is o composite?
True
Let f(x) = -x**2 + 12*x - 11. Let t be f(11). Is 1*98 - 1 - t a composite number?
False
Let v(c) = 18*c - 6. Let t be v(4). Let n = t - 44. Is n a composite number?
True
Let s = 526 - -170. Suppose -244 = -5*j + s. Suppose q + j = 4*b, -2*q - 65 = -2*b + 35. Is b a composite number?
True
Suppose 4*j + 16 = 0, j + 727 = c + 2*c. Let m = c - 132. Is m prime?
True
Let c be (-6)/(2*9/(-12)). Suppose 6 + 2 = c*u. Is ((-118)/(-4))/(1/u) composite?
False
Let r(u) = u**3 - 5*u**2 - 6*u + 2. Let m be r(6). Suppose -m*q + 20 = -2. Is q composite?
False
Let w(z) = 10*z**2 + 3*z - 3. Let h(f) = 10*f**2 + 2*f - 3. Let s(l) = 3*h(l) - 2*w(l). Is s(-4) composite?
False
Let d = 3 + -1. Is d*(-1 + 27) + 1 prime?
True
Let n = -94 - -38. Let b be (1*-2)/((-4)/178). Let q = b + n. Is q prime?
False
Suppose 5*c = 9 + 6. Suppose 0 = 2*s + c*w - 752, 4*w = -4*s + w + 1510. Is s a composite number?
False
Suppose 261 - 999 = -3*x. Let d = -133 + x. Is d composite?
False
Let j = 581 + 540. Is j prime?
False
Let a(x) = 4*x**3 - x**2 + 3*x + 4. Let r be a(-3). Is ((-4)/2 - r) + 1 composite?
True
Suppose -k - 2*k = -747. Is k a prime number?
False
Suppose -q - q - 254 = 0. Let r = 225 + q. Let z = 157 - r. Is z a prime number?
True
Suppose -5*j - 3*r + 334 = r, 2*j + r - 133 = 0. Suppose -j = x - 4*x. Is x a composite number?
True
Let o(h) = -7*h**2 - h + 1. Let f be o(1). Let s(v) = -5 - 4*v + 2*v + v**2 + 3*v. Is s(f) prime?
True
Let l(w) be the third derivative of -2*w**2 + 0 + 0*w - 17/24*w**4 + 2/3*w**3. Is l(-3) a prime number?
False
Let m = 80 - -35. Is m prime?
False
Let y(x) be the second derivative of 0*x**2 - 2*x + 0*x**3 + 5/6*x**4 + 0. Is y(-1) a composite number?
True
Let y(b) = -b**3 + 10*b**2 - 8*b - 7. Let x be y(9). Suppose 4*l + 2*j - 116 = 0, -2*j + 66 = x*l - 3*j. Let v = -6 + l. Is v a composite number?
True
Let l(r) = -36*r + 1. Is l(-1) a prime number?
True
Suppose 2*r = t - 2*r + 6, 4*t - r - 6 = 0. Let f be 0*(5/t - 2). Suppose f*x + 58 = 2*j + 2*x, -2*j = 4*x - 64. Is j a composite number?
True
Let p(y) = y + 16. Let z be p(-9). Is 6/14 + 368/z prime?
True
Let i = 95 + -19. Let t = i + -23. Is t a composite number?
False
Let q(v) = 205 - 56 + 0*v + v. Is q(0) a composite number?
False
Suppose -4*d = 2*a - 566, 0*d + 591 = 2*a - d. Is a composite?
False
Let p be 7 + 0 + -1 + -2. Suppose 2*s + 7 = -2*y + 3*y, -s = -5*y + 26. Suppose y*o - 43 = p*o. Is o a composite number?
False
Let z(c) = c + 2. Suppose -2*o - 16 = 4*q, -4*q - 4 = 4*o - 8*o. Let i be z(o). Suppose i = -5*k - 160 + 1175. Is k composite?
True
Let n(c) = -18*c + 19. Let p be n(6). Let w = -56 - p. Is w prime?
False
Suppose -4*s - 3 - 5 = 0, -5*q - 2*s + 871 = 0. Suppose -4*a - a + q = 0. Suppose 2*u = -3*u + a. Is u composite?
False
Let s(y) = y + 1. Let k(x) = 3*x**2 - 15*x - 6. Let c(f) = k(f) + 6*s(f). Let i be c(8). Suppose -5*w - 5*z + 130 = 0, -5*z = w - 6*w + i. Is w prime?
False
Let p = -5 - 0. Let g = p + 20. Is g composite?
True
Suppose 23 = -3*i + 68. Suppose 3*k - i - 90 = 0. Is k - (-3 + 3) - 0 composite?
True
Suppose 3*x - 12 = -x. Suppose 3*l - 6*h = -3*h + 750, -1252 = -5*l + x*h. Is l a prime number?
True
Let n(m) = 18*m**3 + 2*m**2 - 2*m + 1. Is n(1) composite?
False
Is (0 - (0 - 1))*381 a prime number?
False
Suppose -2*g + 156 + 132 = 0. Let l = g - 101. Is l composite?
False
Suppose 4*y + 35 = -2*g + 533, 4*g + 655 = 5*y. Is y prime?
True
Let x(g) = 3*g**3 - 5*g**2 - 2*g - 7. Let k be x(5). Let u = k - 127. Is u composite?
True
Let f(a) = -3 + 4*a**2 + 3*a**2 - 3*a + a**3 + a. Let n be -9 + 1 + 2 + -1. Is f(n) prime?
True
Let m(t) = -454*t - 1. Is m(-2) prime?
True
Suppose 8*m = 6*m + 290. Is m a prime number?
False
Let h(j) = -183*j. Let f(u) = 91*u. Let i(k) = 5*f(k) + 3*h(k). Let r be i(-1). Let a = r - 39. Is a a composite number?
True
Let l(w) = -5*w**3 - w**2. Let f be l(1). Let a(m) be the third derivative of -7*m**4/24 + 5*m**3/6 + m**2. Is a(f) composite?
False
Let s = 82 - 205. Let i = 266 + s. Is i composite?
True
Suppose 6 + 2 = 4*r. Let v be (r + 3/(-6))*-10. Let n = v + 50. Is n prime?
False
Let i(h) = 3*h**3 + h**2 + 5*h - 21. Is i(8) a prime number?
True
Suppose 0 = -5*m + 71 + 884. Is m a composite number?
False
Let b be 708/(-9) + (-4)/(-6). Let a = b - -155. Is a a composite number?
True
Let r(p) = p**2 - 5*p + 29. Is r(-15) a prime number?
False
Let h(b) = -b - 7. Let y be h(0). Let m = 81 + y. Is m a composite number?
True
Let u be 2/(-5) - (-369)/(-15). Is 10/u + (-594)/(-10) a composite number?
False
Let h be (5/4)/(8/(-96)). Let q = 4 - h. Is q prime?
True
Suppose a + 2*a = -177. Let m = 114 + a. Is m a prime number?
False
Let x(t) = t**3 + 7*t**2 - 5*t - 5. Let c be x(-6). Suppose 0 = -9*i + 6*i + g + c, -5*i = 5*g - 95. Let w = i + 54. Is w composite?
True
Let m = 248 - 64. Suppose 3*b = -b + m. Is b a composite number?
True
Suppose 2*w = 6*w - 7664. Let i be (w/8)/((-3)/(-6)). Suppose -5*v - 2*k = -809, -2*k = -2*v - v + i. Is v composite?
True
Suppose -w - w - 18 = 0. Let m(f) = -4*f - 5. Is m(w) a prime number?
True
Let p(h) = -h**3 + 2*h**2 + 3*h + 4. Suppose -14 + 2 = 4*l. Let z = l - -6. Is p(z) prime?
False
Suppose -5*x + x = -12. Suppose 83 + 139 = x*g. Is g a prime number?
False
Let d(g) = -g**3 - g**2 + g - 2. Let c be d(-2). Let r be c - -1 - (2 + -11). Is (-6)/15 - (-474)/r prime?
True
Suppose -3*p + 0*p = -t - 13, 0 = 5*p + 5*t - 15. Is (0 + -10)/(p/(-14)) composite?
True
Let r(p) = -9*p - 4. Let y be r(-3). Suppose 0 = 2*j - 163 + y. Suppose 0 = 4*l - 22 - j. Is l prime?
True
Suppose 2*z - 199 = 161. Suppose 4*q - z = 16. Is q composite?
True
Let d(m) = 3*m - 3. Let n be d(2). Let g(a) = 5*a + 4. Is g(n) a composite number?
False
Let u = -6 + 6. Suppose 5*t - 29 - 201 = u. Is t a prime number?
False
Suppose 2*c = 4*l + 576, 5*l + 2*c + 730 = 7*c. Let j = l + 213. Is j a composite number?
False
Let o = 231 - 92. Is o a composite number?
False
Let h be 132/9 - 8/12. Suppose 0 = 4*y + 4*w - 100, 0*w - 2*w - 118 = -4*y. Let i = y - h. Is i a prime number?
False
Suppose 4*v = -g + 23, 1 = g + 6. Suppose -v*u = -2*u - 2785. Is u prime?
True
Suppose 4*n - 13 = -1. Let w = 0 - n. Let f(c) = 7*c**2 - 5*c - 4. Is f(w) prime?
False
Is -34*(2 + 483/(-6)) composite?
True
Let z(k) = -5*k**3 + 4*k**3 + 4*k**2 - 5 - 7*k + 3*k**3. Let p be z(-4). Let x = p + 60. Is x prime?
True
Suppose 2*l + 2*l = -912. Is (-1)/(-1 + l/(-231)) composite?
True
Suppose 17*a - 13*a = 308. Is a composite?
True
Suppose 5*w - 1270 = 5*a, 2*w - 3*a - 1016 = -2*w. Is w prime?
False
Suppose -4*c + 2356 = -2*s, 2*s + 1769 = c + 2*c. Is c a composite number?
False
Let v(d) = 2*d - 4. Let i be v(3). Is i/2 - 1 - -85 composite?
True
Let a = -4 - -4. Suppose a = -5*j - 12 + 397. Is j composite?
True
Suppose -d + 926 - 37 = 0. Is d a composite number?
True
Let d be (-5)/((-15)/(-6)) - -9. Suppose -4*m = 4*a + m + d, 2*a - 5*m = 19. Suppose -2*c - 192 = -2*q, 0*q - 382 = -4*q + a*c. Is q a prime number?
False
Let j(w) = -w**2 + w + 50. Let o be j(0). Suppose 7*s + o = 2*s. Is (s/4)/((-3)/78) a prime number?
False
Let v = -26 + 9. Is 4 + v*6/(-2) a composite number?
True
Suppose -935 = 5*o + 6*p - p, -3*p + 741 = -4*o. Let a = -84 - o. Suppose b = -b + a. Is b prime?
False
Let b be 11/3 - 1/(-3). Suppose 0 = -4*y + 7 + 97. Suppose 2*j - b*j = -y. Is j a prime number?
True
Let m = -5 - -1. Let k be (-28)/6 + m/(-6). Let o(x) = 2*x**2 + 4*x - 2. Is o(k) composite?
True
Let m = -1622 + 3375. Is m prime?
True
Suppose 2*x + 5*w = 329 + 275, 0 = 5*x + 5*w - 1525. Is x a composite number?
False
Let j = 197 - 84. Is j a composite number?
False
Is 1*(4198 - (-6 - -11)) a composite number?
True
Suppose 3*s - 94 - 251 = 0. Is s prime?
False
Let g(w) = -w + 64. Is g(33) a composite number?
False
Let o(a) = -48*a**2 + 10*a + 5. Let u(g) = 95*g**2 - 19*g - 11. Let r(f) = 7*o(f) + 4*u(f). Is r(-4) prime?
True
Suppose -6*t +